 m(z) = -z**3 + 4*z**2 - 1. Calculate m(2).
7
Let j(a) = -13*a + 74. Calculate j(17).
-147
Let y(z) = -z**2 - 43*z - 255. Calculate y(-7).
-3
Let q(m) = m**3 - 6*m**2 - 11*m + 5. Determine q(7).
-23
Let p(q) = -q**2 - 25*q + 32. Give p(-26).
6
Let p(h) = -2*h**3 - 2*h**2 + 2*h + 3. Give p(-2).
7
Let u(g) = 2*g + 4. What is u(8)?
20
Let w(o) = 2*o + 12. Give w(10).
32
Let x(p) = 2*p**2 - 4*p - 4. Give x(-4).
44
Let c(t) = -2*t**2 - 60*t - 96. Determine c(-28).
16
Let k(y) = -y**3 + 6*y**2 - 4*y + 14. Determine k(6).
-10
Let v(f) = f**2 + 9*f + 16. Give v(-9).
16
Let k(p) = -p + 10. What is k(-13)?
23
Let k(g) = 7*g**3 - 2*g**2 - g - 1. What is k(2)?
45
Let s(a) = 2*a**2 - 4. Give s(3).
14
Let s(o) = o**3 + 4*o**2 - 9*o - 7. Determine s(-6).
-25
Let c(p) = -p**2 - 23*p + 67. Calculate c(-26).
-11
Let q(l) = -44*l**2 + 10*l - 6. Determine q(2).
-162
Let t(x) = 3*x**2 + 6*x - 6. Determine t(4).
66
Let l(r) = -r**3 - 2*r**2 + 3. What is l(-2)?
3
Let g(b) = 4*b**2 + 30*b - 21. Give g(-8).
-5
Let f(z) = -z + 5. Determine f(5).
0
Let s(u) = -u**3 + 6*u**2 + 7*u + 3. Determine s(7).
3
Let s(y) = -75*y - 154. Calculate s(-2).
-4
Let v(o) = -7*o + 68. Calculate v(9).
5
Let p(a) = -2*a**2 - 14*a - 9. What is p(-5)?
11
Let m(x) = -x**3 - 2*x**2 + 7*x + 3. Calculate m(0).
3
Let b(d) = -51*d**3 + d - 2. Calculate b(1).
-52
Let l(f) = f**3 - f**2 - 9*f - 5. What is l(4)?
7
Let p(v) = -50*v - 81. Determine p(-2).
19
Let f(n) = n**3 - 7*n**2 - 5*n + 8. Calculate f(8).
32
Let a(q) = 2*q**2 + 2*q + 2. Determine a(-1).
2
Let f(g) = g**2 + 3*g - 28. Give f(-7).
0
Let t(n) = n**3 + 23*n**2 + 21*n - 21. What is t(-22)?
1
Let b(w) = -14*w**2. Calculate b(1).
-14
Let k(s) = s**2 + 39*s + 175. What is k(-6)?
-23
Let n(x) = -5*x + 2. Determine n(2).
-8
Let o(d) = -3*d + 38. Give o(14).
-4
Let x(o) = -o**2 + o + 22. What is x(0)?
22
Let b(g) = -8*g**2 + 3*g - 2. Give b(1).
-7
Let a(l) = 2*l + 63. Calculate a(-27).
9
Let s(z) = -16*z + 124. Determine s(8).
-4
Let i(h) = h**2 - 38*h - 167. Give i(-4).
1
Let d(m) = m**2 - 2*m - 2. What is d(5)?
13
Let n(f) = f**2 + 15. Give n(0).
15
Let m(y) = -y**3 + 19*y**2 + 120*y + 6. Determine m(24).
6
Let k(c) = 10*c + 8. Calculate k(-10).
-92
Let d(b) = 6*b**2 - 83*b - 10. Determine d(14).
4
Let h(g) = -g - 13. Determine h(-11).
-2
Let i(q) = -2*q**2 - 3*q - 5. Determine i(-6).
-59
Let h(n) = 2*n**2 + 31*n - 17. Determine h(-16).
-1
Let f(i) = -i**3 + 3*i**2 + 9*i - 4. Determine f(5).
-9
Let p(l) = -2*l - 21. What is p(-18)?
15
Let i(k) = -k + 8. Determine i(30).
-22
Let g(x) = 13*x + 71. Determine g(-12).
-85
Let u(g) = -g**3 - 16*g**2 + 36*g - 12. Calculate u(-18).
-12
Let s(l) = 21*l + 30. Calculate s(-3).
-33
Let t(x) = -2*x**2 + 1. Calculate t(-2).
-7
Let g(k) = -k**2 + 17*k + 1. Calculate g(17).
1
Let y(q) = -4*q**2 - 7*q + 10. Calculate y(-6).
-92
Let y(p) = -16*p**2 - 3*p + 1. Calculate y(-1).
-12
Let u(j) = 63*j - 752. Calculate u(12).
4
Let n(p) = 4*p + 48. Give n(-21).
-36
Let a(o) = 2*o**2 + 9*o - 8. Calculate a(-6).
10
Let j(p) = p**3 - 11*p**2 + 13*p - 18. What is j(10)?
12
Let k(q) = -q**3 + 6*q**2 - q. Give k(6).
-6
Let x(y) = y + 9. What is x(-6)?
3
Let u(r) = r**3 - 15*r**2 - 17*r + 7. Give u(16).
-9
Let f(p) = -3*p**3 - 14*p**2 - 13*p - 16. Determine f(-4).
4
Let q(c) = -c**2 - 10*c - 39. What is q(-7)?
-18
Let a(v) = v - 1. Calculate a(-1).
-2
Let d(h) = -h**3 + 31*h**2 - 50*h - 231. What is d(29)?
1
Let n(y) = -150*y - 4. Calculate n(0).
-4
Let w(q) = -q**3 - 8*q**2 + 8*q + 3. What is w(-9)?
12
Let n(j) = j**2 - 9*j + 12. Give n(6).
-6
Let v(k) = k**2 + 6*k + 6. What is v(-6)?
6
Let g(y) = 4*y - 27. Determine g(5).
-7
Let j(m) = -10*m**2 - 2*m - 1. Calculate j(-1).
-9
Let w(g) = g**3 + 14*g**2 + 19*g + 18. Give w(-13).
-60
Let c(x) = -x**3 - 11*x**2 - 14*x + 55. Give c(-9).
19
Let b(n) = -31*n - 974. Calculate b(-31).
-13
Let q(w) = w**3 - w**2 - 22*w - 9. What is q(-4)?
-1
Let j(o) = 2*o + 7. Calculate j(-3).
1
Let o(u) = u**3 + 2*u**2 - 3*u + 1. Calculate o(-2).
7
Let t(w) = -10*w + 1. Give t(2).
-19
Let c(f) = -f**3 - 11*f**2 - 7*f - 22. Give c(-11).
55
Let s(u) = -u**2 - 6*u + 22. What is s(-9)?
-5
Let j(r) = -r**2 - 21*r - 85. Give j(-6).
5
Let t(w) = 6*w + 1. Calculate t(1).
7
Let c(b) = b**3 + 8*b**2 + 9*b + 10. What is c(-7)?
-4
Let h(r) = -150*r + 441. Determine h(3).
-9
Let p(d) = -d**2 - 19*d + 25. Give p(-20).
5
Let k(b) = b**2 + 11*b + 19. Determine k(-8).
-5
Let o(t) = -t - 11. Give o(-11).
0
Let d(c) = -3*c**3 + 30*c**2 + 3*c - 34. Determine d(10).
-4
Let j(q) = q**2 - 13*q + 19. Give j(12).
7
Let a(b) = -8*b**2 - b + 1. Determine a(-2).
-29
Let g(z) = 19*z**2 - 1. Determine g(1).
18
Let i(h) = -h**3 - 5*h**2 - 7*h - 3. Give i(-3).
0
Let w(u) = 8*u - 217. Calculate w(27).
-1
Let d(y) = -y**3 + 3*y**2 + y - 1. What is d(-1)?
2
Let h(s) = -s + 10. What is h(14)?
-4
Let k(d) = d + 14. Give k(-7).
7
Let p(y) = -y**2 + 11*y + 26. Calculate p(15).
-34
Let s(i) = -12*i - 26. Determine s(-2).
-2
Let m(u) = u**3 + 2*u**2 + 9*u + 4. What is m(-3)?
-32
Let j(k) = k**3 + 6*k**2 + 5. Determine j(-6).
5
Let f(p) = -p**2 - 79*p - 1376. Give f(-26).
2
Let l(c) = c**2 + 7*c - 48. Determine l(5).
12
Let k(l) = 3*l - 9. What is k(0)?
-9
Let o(k) = -13*k + 7. Calculate o(2).
-19
Let k(n) = -n**2 - 7*n + 2. Calculate k(-1).
8
Let s(y) = -9*y + 16. Give s(1).
7
Let j(f) = -f**3 - 24*f**2 + 26*f + 27. Calculate j(-25).
2
Let i(j) = 2*j - 3. Give i(7).
11
Let s(g) = -g**2 + g + 16. Calculate s(6).
-14
Let r(h) = h**3 + h**2 + 2*h. Determine r(3).
42
Let u(l) = -4*l**3 - l**2 + 1. Determine u(2).
-35
Let r(c) = -c**3 - 9*c**2 - 2*c - 11. Give r(-9).
7
Let b(i) = 75*i**3 + i**2 + 4*i + 2. What is b(-1)?
-76
Let r(h) = -15*h - 124. Determine r(-9).
11
Let x(z) = 105*z**3 - 2*z**2 + z - 1. Determine x(1).
103
Let i(u) = u**3 - 10*u**2 + 9*u + 2. What is i(8)?
-54
Let g(b) = -2*b**3 + 4*b**2 - b - 2. Calculate g(2).
-4
Let c(z) = 2*z**3 + 9*z**2 + 14*z + 14. What is c(-3)?
-1
Let x(u) = -u**3 - u**2 + 4*u - 8. Calculate x(-3).
-2
Let w(d) = -2*d**2 + 22*d + 30. Calculate w(12).
6
Let g(h) = 2*h**2 - 3*h + 2. Calculate g(1).
1
Let f(d) = 4*d + 1. Give f(-13).
-51
Let q(g) = -5*g**2 - g - 2. Determine q(-1).
-6
Let d(s) = -2*s**3 - 3*s**2 - 2*s - 2. Give d(-2).
6
Let q(s) = -s - 2. Determine q(-8).
6
Let s(d) = -d**2 + 11*d + 37. Determine s(14).
-5
Let u(y) = 4*y + 8. What is u(7)?
36
Let h(q) = q**2 + 10*q + 9. What is h(-6)?
-15
Let q(h) = 22*h - 310. What is q(14)?
-2
Let v(k) = -3*k**2 - 8*k - 4. What is v(-6)?
-64
Let f(l) = -l**2 - 7*l - 5. Determine f(-5).
5
Let r(y) = -y**3 - 21*y**2 - 18*y + 44. Give r(-20).
4
Let f(v) = v**3 - 10*v**2 + 19*v - 18. What is f(7)?
-32
Let c(x) = -x**2 + 3*x + 6. Calculate c(6).
-12
Let d(h) = -h**3 - 16*h**2 + 5*h + 6. Give d(-16).
-74
Let y(k) = -k**3 - 2*k**2 + k + 2. What is y(-3)?
8
Let l(t) = t**2 - 5*t - 1. Calculate l(6).
5
Let b(q) = 26*q**2 + 2*q - 4. Give b(1).
24
Let n(x) = -2*x**3 + 8*x**2 - 5*x. Calculate n(3).
3
Let j(a) = -a**3 + 4*a**2 - 6*a + 14. Determine j(4).
-10
Let j(m) = m**3 - 18*m**2 - 4*m + 34. Determine j(18).
-38
Let a(r) = -2*r + 5. Determine a(7).
-9
Let c(q) = q**2 + 6*q + 8. Give c(-6).
8
Let c(b) = -b**3 + 4*b**2 + 3. Give c(5).
-22
Let s(f) = f**3 - 8*f**2 - f + 1. Give s(8).
-7
Let t(v) = 9*v + 26. Determine t(-8).
-46
Let y(m) = 3*m - 14. Calculate y(2).
-8
Let x(a) = -3*a - 8. Give x(-8).
16
Let n(b) = b**3 - 26*b + 5. Determine n(5).
0
Let b(a) = a**3 - 12*a**2 + 18*a + 19. Give b(10).
-1
Let a(y) = -3*y**3 + y**2 + 10*y + 3. Give a(-2).
11
Let q(b) = -b**2 - 5*b + 10. Calculate q(-8).
-14
Let g(q) = q**3 - 5*q**2 - 4*q + 1. Give g(6).
13
Let l(s) = -7*s - 111. What is l(-20)?
29
Let x(k) = -k**3 + 2*k**2 + 22*k + 4. Give x(6).
-8
Let y(q) = -3*q**2 - q + 3. Calculate y(-3).
-21
Let a(b) = b**2 + b - 10. What is a(5)?
20
Let b(k) = -k**3 - 3*k**2 + 17*k - 7. What is b(-6)?
-1
Let r(q) = q**3 - 6*q**2 - 5*q - 9. Calculate r(7).
5
Let c(f) = -6*f - 27. Determine c(6).
-63
Let p(f) = 12*f - 11. What is p(2)?
13
Let h(l) = -2*l**3 - 4*l**2 + 3*l + 1. What is h(2)?
-25
Let u(q) = 2*q + 20. Determine u(-10).
0
Let m(k) = -k**2 + 16*k + 13. Calculate m(15).
28
Let p(b) = b**3 + 13*b**2 + 10*b - 13. Determine p(-12).
11
Let b(t) = -t**3 + 4*t**2 + t + 4.